f 125573640.
2, 3, 5, 1046447
List the prime factors of 813933559.
1489, 546631
List the prime factors of 180880673.
463, 390671
What are the prime factors of 550115225?
5, 11, 67, 73, 409
What are the prime factors of 226917256?
2, 499, 56843
List the prime factors of 141633003.
3, 37, 1275973
What are the prime factors of 1385247656?
2, 13, 13319689
What are the prime factors of 75285586?
2, 37642793
What are the prime factors of 482414749?
19319, 24971
What are the prime factors of 873000046?
2, 13931, 31333
What are the prime factors of 61665752?
2, 101, 167, 457
List the prime factors of 3889214579.
139, 27979961
List the prime factors of 101607568.
2, 757, 8389
List the prime factors of 40166136.
2, 3, 557863
What are the prime factors of 79334072?
2, 251, 39509
What are the prime factors of 120116034?
2, 3, 741457
What are the prime factors of 21973540?
2, 5, 41, 127, 211
What are the prime factors of 103726480?
2, 5, 11, 13, 9067
List the prime factors of 220326184.
2, 13, 1039, 2039
List the prime factors of 131108567.
193, 679319
What are the prime factors of 1448069920?
2, 5, 11, 74797
What are the prime factors of 135063468?
2, 3, 37, 101399
What are the prime factors of 689868877?
23, 4651, 6449
List the prime factors of 2462147.
733, 3359
List the prime factors of 96040430.
2, 5, 9604043
What are the prime factors of 615224442?
2, 3, 7, 223, 65687
List the prime factors of 309718512.
2, 3, 17, 181, 233
List the prime factors of 732402044.
2, 11, 19, 876079
List the prime factors of 7020626.
2, 17, 206489
List the prime factors of 180765158.
2, 7, 107, 120671
List the prime factors of 136129772.
2, 89, 389, 983
What are the prime factors of 4156520544?
2, 3, 11, 109, 12037
What are the prime factors of 28253936?
2, 23, 76777
What are the prime factors of 313706224?
2, 13, 29, 131, 397
List the prime factors of 72464941.
72464941
What are the prime factors of 868582680?
2, 3, 5, 7, 1034027
List the prime factors of 77603253.
3, 7, 13, 284261
What are the prime factors of 89766401?
23, 3902887
What are the prime factors of 128918808?
2, 3, 1790539
What are the prime factors of 1395433392?
2, 3, 37, 785717
List the prime factors of 1744929587.
191, 9135757
List the prime factors of 5457485761.
7, 13, 647, 92693
What are the prime factors of 499985365?
5, 11, 41, 221723
What are the prime factors of 187516?
2, 7, 37, 181
What are the prime factors of 46032881?
47, 979423
What are the prime factors of 37869931?
11, 17, 53, 3821
List the prime factors of 104884308.
2, 3, 323717
What are the prime factors of 1877507846?
2, 17, 257, 214867
List the prime factors of 206078975.
5, 8243159
What are the prime factors of 103407776?
2, 43, 223, 337
List the prime factors of 82649245.
5, 7, 2361407
What are the prime factors of 548616507?
3, 19, 1009, 9539
List the prime factors of 483205494.
2, 3, 31, 157, 16547
List the prime factors of 690588005.
5, 101, 1367501
What are the prime factors of 1764468494?
2, 882234247
List the prime factors of 4435911102.
2, 3, 7, 15088133
What are the prime factors of 15896129?
227, 239, 293
List the prime factors of 1207510264.
2, 31, 4868993
List the prime factors of 29223281.
919, 31799
List the prime factors of 22509762.
2, 3, 11, 341057
What are the prime factors of 318203407?
318203407
What are the prime factors of 2129318761?
13499, 157739
List the prime factors of 46452261.
3, 15484087
List the prime factors of 239109110.
2, 5, 19, 1258469
What are the prime factors of 53514363?
3, 7, 79, 32257
List the prime factors of 199071186.
2, 3, 1061, 31271
List the prime factors of 6645399.
3, 2215133
List the prime factors of 1511174745.
3, 5, 11193887
What are the prime factors of 305062919?
7, 29, 41, 36653
List the prime factors of 3644026406.
2, 1013, 1798631
List the prime factors of 1803591622.
2, 7, 557, 231289
List the prime factors of 3429400533.
3, 13, 23, 1249, 3061
List the prime factors of 18354553.
7, 37, 70867
What are the prime factors of 5535102326?
2, 13, 212888551
List the prime factors of 608479476.
2, 3, 11, 619, 677
What are the prime factors of 2839497728?
2, 83, 33409
List the prime factors of 65476178.
2, 32738089
List the prime factors of 90231165.
3, 5, 222793
List the prime factors of 350717583.
3, 89, 151, 8699
What are the prime factors of 2672190818?
2, 11, 19, 787, 8123
What are the prime factors of 830189187?
3, 92243243
List the prime factors of 5530529890.
2, 5, 31, 941, 18959
What are the prime factors of 700230446?
2, 19, 23, 801179
What are the prime factors of 8520577?
13, 29, 97, 233
List the prime factors of 505690469.
10667, 47407
List the prime factors of 11106816.
2, 3, 7, 1033
What are the prime factors of 82338142?
2, 619, 66509
List the prime factors of 256647710.
2, 5, 11, 2333161
List the prime factors of 277049954.
2, 10271, 13487
List the prime factors of 102766406.
2, 179, 287057
List the prime factors of 416825826.
2, 3, 23, 1307, 2311
What are the prime factors of 149582433?
3, 7, 11, 13, 49811
What are the prime factors of 11201788?
2, 13, 31, 6949
What are the prime factors of 1144474?
2, 17, 41, 821
List the prime factors of 268850409.
3, 89616803
What are the prime factors of 49014054?
2, 3, 2723003
List the prime factors of 162458686.
2, 13, 480647
List the prime factors of 442422696.
2, 3, 1223, 15073
List the prime factors of 58102133.
19, 3058007
What are the prime factors of 729678277?
167, 463, 9437
List the prime factors of 29730671.
17, 1748863
List the prime factors of 118522062.
2, 3, 17, 41, 47, 67
What are the prime factors of 107928271?
11, 9811661
What are the prime factors of 87400460?
2, 5, 7, 23, 27143
List the prime factors of 70218867.
3, 1201, 19489
What are the prime factors of 57453456?
2, 3, 131, 9137
What are the prime factors of 1157895865?
5, 7, 463, 71453
What are the prime factors of 122709325?
5, 4908373
What are the prime factors of 563253763?
127, 331, 13399
What are the prime factors of 846589671?
3, 107, 181, 1619
List the prime factors of 289852512.
2, 3, 1019, 2963
List the prime factors of 692745651.
3, 13, 71, 89, 937
List the prime factors of 31306938.
2, 3, 13, 401371
What are the prime factors of 15219226?
2, 11, 811, 853
What are the prime factors of 1172386090?
2, 5, 117238609
List the prime factors of 204881267.
83, 2468449
List the prime factors of 1811031094.
2, 19, 53, 899221
List the prime factors of 14554940.
2, 5, 727747
What are the prime factors of 104852646?
2, 3, 239, 24373
List the prime factors of 50785183.
41, 53, 23371
What are the prime factors of 155737233?
3, 17304137
What are the prime factors of 4823898?
2, 3, 79, 10177
What are the prime factors of 75004463?
269, 278827
List the prime factors of 605396346.
2, 3, 997, 101203
List the prime factors of 1146029563.
7, 139, 257, 4583
List the prime factors of 383944768.
2, 5999137
What are the prime factors of 519754393?
89, 5839937
What are the prime factors of 242388346?
2, 17, 137, 3061
What are the prime factors of 51216030?
2, 3, 5, 29, 31, 211
What are the prime factors of 37400052?
2, 3, 3116671
List the prime factors of 30835369.
30835369
List the prime factors of 168452843.
13, 12957911
List the prime factors of 90591845.
5, 59, 307091
What are the prime factors of 562959448?
2, 283, 248657
What are the prime factors of 17830440?
2, 3, 5, 49529
List the prime factors of 168365314.
2, 13, 17, 380917
List the prime factors of 9774708.
2, 3, 814559
What are the prime factors of 443128666?
2, 353, 627661
What are the prime factors of 768121662?
2, 3, 7, 11, 23, 72287
What are the prime factors of 4194069114?
2, 3, 12007, 58217
List the prime factors of 228759314.
2, 7, 16339951
List the prime factors of 160173908.
2, 59, 647, 1049
What are the prime factors of 809023990?
2, 5, 19, 79, 53899
What are the prime factors of 1843758920?
2, 5, 46093973
What are the prime factors of 1533706198?
2, 43, 2089, 8537
What are the prime factors of 215528379?
3, 11, 2239, 2917
List the prime factors of 62643161.
7, 29, 308587
What are the prime factors of 2948297996?
2, 7, 3253, 32369
List the prime factors of 2336335818.
2, 3, 389389303
What are the prime factors of 3454763798?
2, 137, 12608627
What are the prime factors of 133612457?
11, 223, 5446